{"id":1146,"date":"2018-06-11T17:34:41","date_gmt":"2018-06-11T15:34:41","guid":{"rendered":"http:\/\/wp.lfs-bonn.de\/?page_id=1146"},"modified":"2018-06-11T18:01:42","modified_gmt":"2018-06-11T16:01:42","slug":"konzerte","status":"publish","type":"page","link":"https:\/\/www.lfs-bonn.de\/?page_id=1146","title":{"rendered":"Konzerte"},"content":{"rendered":"<div id=\"cs-content\" class=\"cs-content\"><\/div>\n","protected":false},"excerpt":{"rendered":"<p>Festkonzert am 21.5.2017Festkonzert zum 100-j\u00e4hrigen Schuljubil\u00e4umDie Zuh\u00f6rer in der gut besuchten Kirche konnten sich nach einf\u00fchrenden Worten des Schulpfarrers zun\u00e4chst von der Qualit\u00e4t des M\u00e4dchenchores \u00fcberzeugen, verst\u00e4rkt durch die Damen des Sch\u00fcler-Eltern-Lehrer-Chores. Gabriel Faur\u00e9 hat zusammen mit seinem Sch\u00fcler Andr\u00e9 Messager im Sommer 1881 die \u201eMesse des Pecheurs de Villerville\u201c komponiert. Anlass war ein Benefizkonzert zu Gunsten des Wohlt\u00e4tigkeitsvereins der &#8230; <\/p>\n<div><a href=\"https:\/\/www.lfs-bonn.de\/?page_id=1146\" class=\"more-link\">Read More<\/a><\/div>\n","protected":false},"author":1,"featured_media":0,"parent":13,"menu_order":0,"comment_status":"closed","ping_status":"closed","template":"","meta":{"footnotes":""},"class_list":["post-1146","page","type-page","status-publish","hentry","no-post-thumbnail"],"_links":{"self":[{"href":"https:\/\/www.lfs-bonn.de\/index.php?rest_route=\/wp\/v2\/pages\/1146"}],"collection":[{"href":"https:\/\/www.lfs-bonn.de\/index.php?rest_route=\/wp\/v2\/pages"}],"about":[{"href":"https:\/\/www.lfs-bonn.de\/index.php?rest_route=\/wp\/v2\/types\/page"}],"author":[{"embeddable":true,"href":"https:\/\/www.lfs-bonn.de\/index.php?rest_route=\/wp\/v2\/users\/1"}],"replies":[{"embeddable":true,"href":"https:\/\/www.lfs-bonn.de\/index.php?rest_route=%2Fwp%2Fv2%2Fcomments&post=1146"}],"version-history":[{"count":5,"href":"https:\/\/www.lfs-bonn.de\/index.php?rest_route=\/wp\/v2\/pages\/1146\/revisions"}],"predecessor-version":[{"id":1156,"href":"https:\/\/www.lfs-bonn.de\/index.php?rest_route=\/wp\/v2\/pages\/1146\/revisions\/1156"}],"up":[{"embeddable":true,"href":"https:\/\/www.lfs-bonn.de\/index.php?rest_route=\/wp\/v2\/pages\/13"}],"wp:attachment":[{"href":"https:\/\/www.lfs-bonn.de\/index.php?rest_route=%2Fwp%2Fv2%2Fmedia&parent=1146"}],"curies":[{"name":"wp","href":"https:\/\/api.w.org\/{rel}","templated":true}]}}