{"id":1157,"date":"2018-06-11T18:03:30","date_gmt":"2018-06-11T16:03:30","guid":{"rendered":"http:\/\/wp.lfs-bonn.de\/?page_id=1157"},"modified":"2018-06-12T15:45:23","modified_gmt":"2018-06-12T13:45:23","slug":"bunter-abend-zum-hundertjaehrigen-schuljubilaeum","status":"publish","type":"page","link":"https:\/\/www.lfs-bonn.de\/?page_id=1157","title":{"rendered":"Bunter Abend zum hundertj\u00e4hrigen Schuljubil\u00e4um"},"content":{"rendered":"<div id=\"cs-content\" class=\"cs-content\"><\/div>\n","protected":false},"excerpt":{"rendered":"<p>14. Juni 2017Es war ein gro\u00dfartiges Programm, das unserer Schulgemeinde am 14. Juni geboten wurde: Kleine und gro\u00dfe Sch\u00fclerinnen, Lehrer und Ehemalige gestalteten mit Musik und Tanz, Kunst und Theater, Anekdoten und Poetry Slam einen Festabend zum hundertj\u00e4hrigen Schuljubil\u00e4um, der in Erinnerung bleiben wird. Zum Auftakt des Festabends erweckte die Klasse 8b architektonische Details der Liebfrauenschule in sogenannten &#8222;Living Pictures&#8220; &#8230; <\/p>\n<div><a href=\"https:\/\/www.lfs-bonn.de\/?page_id=1157\" class=\"more-link\">Read More<\/a><\/div>\n","protected":false},"author":1,"featured_media":0,"parent":13,"menu_order":0,"comment_status":"closed","ping_status":"closed","template":"","meta":{"footnotes":""},"class_list":["post-1157","page","type-page","status-publish","hentry","no-post-thumbnail"],"_links":{"self":[{"href":"https:\/\/www.lfs-bonn.de\/index.php?rest_route=\/wp\/v2\/pages\/1157"}],"collection":[{"href":"https:\/\/www.lfs-bonn.de\/index.php?rest_route=\/wp\/v2\/pages"}],"about":[{"href":"https:\/\/www.lfs-bonn.de\/index.php?rest_route=\/wp\/v2\/types\/page"}],"author":[{"embeddable":true,"href":"https:\/\/www.lfs-bonn.de\/index.php?rest_route=\/wp\/v2\/users\/1"}],"replies":[{"embeddable":true,"href":"https:\/\/www.lfs-bonn.de\/index.php?rest_route=%2Fwp%2Fv2%2Fcomments&post=1157"}],"version-history":[{"count":4,"href":"https:\/\/www.lfs-bonn.de\/index.php?rest_route=\/wp\/v2\/pages\/1157\/revisions"}],"predecessor-version":[{"id":1203,"href":"https:\/\/www.lfs-bonn.de\/index.php?rest_route=\/wp\/v2\/pages\/1157\/revisions\/1203"}],"up":[{"embeddable":true,"href":"https:\/\/www.lfs-bonn.de\/index.php?rest_route=\/wp\/v2\/pages\/13"}],"wp:attachment":[{"href":"https:\/\/www.lfs-bonn.de\/index.php?rest_route=%2Fwp%2Fv2%2Fmedia&parent=1157"}],"curies":[{"name":"wp","href":"https:\/\/api.w.org\/{rel}","templated":true}]}}