{"id":170,"date":"2017-11-10T05:10:50","date_gmt":"2017-11-10T04:10:50","guid":{"rendered":"http:\/\/wp.lfs-bonn.de\/?page_id=170"},"modified":"2026-03-13T16:48:08","modified_gmt":"2026-03-13T15:48:08","slug":"ags","status":"publish","type":"page","link":"https:\/\/www.lfs-bonn.de\/?page_id=170","title":{"rendered":"Arbeitsgemeinschaften"},"content":{"rendered":"<div id=\"cs-content\" class=\"cs-content\"><div class=\"x-section e170-e1 m4q-0\"><div class=\"x-container max width e170-e2 m4q-1\"><div class=\"x-column x-sm x-1-2 e170-e3 m4q-2\"><div class=\"x-text x-content e170-e4 m4q-3\"><p>Arbeitsgemeinschaften f\u00f6rdern die besonderen Begabungen und Interessen unserer Sch\u00fclerinnen. Sie werden f\u00fcr alle Altersstufen und in verschiedenen Fachbereichen angeboten.<\/p>\n<p>Die folgende \u00dcbersicht bietet einen allgemeinen \u00dcberblick \u00fcber unser AG-Angebot, das je nach Schuljahr unterschiedlich aussehen kann.<\/p>\n\n<h3>Musik<\/h3>\n<p>In den Arbeitsgemeinschaften im Fachbereich Musik wird projektorientiert gearbeitet.<\/p>\n<p>Die Ergebnisse werden in regelm\u00e4\u00dfigen Konzerten, Gottesdiensten und Musiktheaterauff\u00fchrungen pr\u00e4sentiert.<\/p>\n<p>In den AGs setzen sich die Sch\u00fclerinnen kreativ mit Musik aus verschiedenen Genres und Epochen auseinander und vertiefen ihre kulturelle Kompetenz. In der gemeinsamen jahrgangs\u00fcbergreifenden Arbeit an musikalischen Projekten wird neben musikalischen F\u00e4higkeiten das kreative Denken und die soziale Kompetenz ausgebildet und gef\u00f6rdert.<\/p>\n<p>Folgende Arbeitsgemeinschaften werden angeboten:<\/p>\n\n<ul>\n \t<li>Chor (Kl. 7-12), Sch\u00fclerinnen-Eltern-Lehrer-Chor<\/li>\n \t<li>Orchester<\/li>\n \t<li>Musiktheater-AG, B\u00fchnentechnik-AG<\/li>\n<\/ul>\n<p><a href=\"https:\/\/lfs-bonn.de\/wp-content\/uploads\/LFS_musikalisch_300x200.jpg\"><img loading=\"lazy\" decoding=\"async\" src=\"https:\/\/lfs-bonn.de\/wp-content\/uploads\/LFS_musikalisch_300x200.jpg\" alt=\"\" class=\"wp-image-739 size-full aligncenter\" width=\"300\" height=\"200\" srcset=\"https:\/\/www.lfs-bonn.de\/wp-content\/uploads\/LFS_musikalisch_300x200.jpg 300w, https:\/\/www.lfs-bonn.de\/wp-content\/uploads\/LFS_musikalisch_300x200-100x67.jpg 100w\" sizes=\"(max-width: 300px) 100vw, 300px\" \/><\/a><\/p>\n\n<h3>Religion und Gesellschaft<\/h3>\n<ul>\n \t<li>Schulsanit\u00e4tsdienst<\/li>\n \t<li>Rechtskunde<\/li>\n \t<li>Internet-Scouts<\/li>\n \t<li>Umwelt-AG<\/li>\n<\/ul>\n<h3>Sport und Tanz<\/h3>\n<ul>\n \t<li>Ballspiel-AG<\/li>\n \t<li>Lauf-AG<\/li>\n \t<li>Selbstbehauptungskurse<\/li>\n \t<li>Tanz-AG<\/li>\n<\/ul><\/div><\/div><div class=\"x-column x-sm x-1-2 e170-e5 m4q-2\"><div class=\"x-text x-content e170-e6 m4q-3\"><h3>Sprachen<\/h3>\n<ul>\n \t<li>In den Vorbereitungskursen f\u00fcr die Sprachzertifikate werden die Sch\u00fclerinnen auf die Sprachpr\u00fcfungen vorbereitet.\n<ul>\n \t<li>Englisch-Cambridge<\/li>\n \t<li>Franz\u00f6sisch-DELF<\/li>\n \t<li>Spanisch-TELC<\/li>\n<\/ul>\n<\/li>\n<\/ul>\n<h3>Umwelt-AG<\/h3>\n<p>Engagement f\u00fcr die Umwelt - Die Umwelt-AG er\u00f6ffnet Sch\u00fclerinnen aller Jahrgangsstufen die M\u00f6glichkeit, sich \u00fcber Umweltfragen zu informieren und sich mit ihren F\u00e4higkeiten aktiv in der Schule zu engagieren.<\/p>\n\n<ul>\n \t<li>Das Sparen von Energie wird bei der Organisation von Projekten thematisiert.<\/li>\n \t<li>Durch das Sammeln von Wertm\u00fcll wie z.B. Batterien, Kork, Aluminium, leeren Druckerpatronen und Tonermodulen werden die Sch\u00fclerinnen f\u00fcr die M\u00fcllvermeidung und M\u00fclltrennung im Sinne von Nachhaltigkeit sensibilisiert.<\/li>\n \t<li>Der Verkauf von umweltvertr\u00e4glichen Schulmaterialien findet in den gro\u00dfen Pausen statt und wird von den Sch\u00fclerinnen selbst organisiert.<\/li>\n \t<li>Bei der Betreuung und Pflege des Schulgartens werden die g\u00e4rtnerischen F\u00e4higkeiten geschult und die Liebe zur Natur geweckt.<\/li>\n<\/ul>\n<h3>Technik-AG<\/h3>\n<p>Die Technik-AG setzt sich aus Sch\u00fclerinnen der Jahrgangsstufen 8-Q2 zusammen und engagiert sich bei s\u00e4mtlichen Veranstaltungen der Schule. Dabei umfassen ihre Aufgaben die Bereitstellung und Bedienung von Equipment f\u00fcr Licht- und Tontechnik. Neben Informationsveranstaltungen k\u00f6nnen so auch Auff\u00fchrungen der Literaturkurse oder Musiktheater technisch unterst\u00fctzt werden. In w\u00f6chentlichen Treffen werden die Veranstaltungen geplant und neue Sch\u00fclerinnen in die Funktionsweise der Ger\u00e4te eingef\u00fchrt. Besonders die Anschaffung neuen Equipments erfordert dabei auch die externe fachliche Weiterbildung der Sch\u00fclerinnen. Ein weiterer Aspekt der Arbeit der Technik-AG ist die Beratung, um eine m\u00f6glichst gute Ausleuchtung und Tonqualit\u00e4t bei der entsprechenden Auff\u00fchrung zu gew\u00e4hrleisten, weshalb die Sch\u00fclerinnen auch bei Proben anwesend sind.<\/p>\n<p><\/p><\/div><\/div><\/div><\/div><\/div>\n","protected":false},"excerpt":{"rendered":"<p>Arbeitsgemeinschaften f\u00f6rdern die besonderen Begabungen und Interessen unserer Sch\u00fclerinnen. Sie werden f\u00fcr alle Altersstufen und in verschiedenen Fachbereichen angeboten. Die folgende \u00dcbersicht bietet einen allgemeinen \u00dcberblick \u00fcber unser AG-Angebot, das je nach Schuljahr unterschiedlich aussehen kann. Musik In den Arbeitsgemeinschaften im Fachbereich Musik wird projektorientiert gearbeitet. Die Ergebnisse werden in regelm\u00e4\u00dfigen Konzerten, Gottesdiensten und Musiktheaterauff\u00fchrungen pr\u00e4sentiert. In den AGs setzen &#8230; <\/p>\n<div><a href=\"https:\/\/www.lfs-bonn.de\/?page_id=170\" class=\"more-link\">Read More<\/a><\/div>\n","protected":false},"author":1,"featured_media":0,"parent":15,"menu_order":0,"comment_status":"closed","ping_status":"closed","template":"","meta":{"footnotes":""},"class_list":["post-170","page","type-page","status-publish","hentry","no-post-thumbnail"],"_links":{"self":[{"href":"https:\/\/www.lfs-bonn.de\/index.php?rest_route=\/wp\/v2\/pages\/170"}],"collection":[{"href":"https:\/\/www.lfs-bonn.de\/index.php?rest_route=\/wp\/v2\/pages"}],"about":[{"href":"https:\/\/www.lfs-bonn.de\/index.php?rest_route=\/wp\/v2\/types\/page"}],"author":[{"embeddable":true,"href":"https:\/\/www.lfs-bonn.de\/index.php?rest_route=\/wp\/v2\/users\/1"}],"replies":[{"embeddable":true,"href":"https:\/\/www.lfs-bonn.de\/index.php?rest_route=%2Fwp%2Fv2%2Fcomments&post=170"}],"version-history":[{"count":13,"href":"https:\/\/www.lfs-bonn.de\/index.php?rest_route=\/wp\/v2\/pages\/170\/revisions"}],"predecessor-version":[{"id":6621,"href":"https:\/\/www.lfs-bonn.de\/index.php?rest_route=\/wp\/v2\/pages\/170\/revisions\/6621"}],"up":[{"embeddable":true,"href":"https:\/\/www.lfs-bonn.de\/index.php?rest_route=\/wp\/v2\/pages\/15"}],"wp:attachment":[{"href":"https:\/\/www.lfs-bonn.de\/index.php?rest_route=%2Fwp%2Fv2%2Fmedia&parent=170"}],"curies":[{"name":"wp","href":"https:\/\/api.w.org\/{rel}","templated":true}]}}