{"id":394,"date":"2018-01-05T18:46:02","date_gmt":"2018-01-05T17:46:02","guid":{"rendered":"http:\/\/wp.lfs-bonn.de\/?page_id=394"},"modified":"2026-03-13T15:39:17","modified_gmt":"2026-03-13T14:39:17","slug":"englisch","status":"publish","type":"page","link":"https:\/\/www.lfs-bonn.de\/?page_id=394","title":{"rendered":"Englisch"},"content":{"rendered":"<div id=\"cs-content\" class=\"cs-content\"><div class=\"x-section e394-e1 may-0\"><div class=\"x-container max width e394-e2 may-1\"><div class=\"x-column x-sm x-1-2 e394-e3 may-2\"><div class=\"x-text x-content e394-e4 may-3\"><p><strong>Wir...<\/strong><\/p>\n\n<ul>\n \t<li>nutzen neben unserem Lehrbuch authentische Texte und Medien aus der Lebenswelt der Sch\u00fclerinnen,<\/li>\n \t<li>f\u00f6rdern durch kooperative Lernformen und kreative Arbeitsauftr\u00e4ge die selbstst\u00e4ndige Auseinandersetzung mit der Sprache als Kommunikationsmittel,<\/li>\n \t<li>bereiten die Sch\u00fclerinnen intensiv auf die verpflichtenden m\u00fcndlichen Kommunikationspr\u00fcfungen vor und machen sie schon in den j\u00fcngeren Klassen mit dem Pr\u00fcfungsformat vertraut,<\/li>\n \t<li>erfahren uns als Teil einer multikulturellen Gesellschaft in einer globalisierten Welt, in der Englisch als \u201elingua franca\u201c verbindenden Charakter hat.<\/li>\n<\/ul>\n<p>Unsere Sch\u00fclerinnen wenden Englisch ganz selbstverst\u00e4ndlich an,\u00a0\u00a0indem sie beispielsweise<\/p>\n\n<ul>\n \t<li>englischsprachige Theaterauff\u00fchrungen und Kinofilme besuchen,<\/li>\n \t<li>das Angebot des <em>Y<\/em><em>oung\u00a0Academic\u00a0Outreach<\/em> des Englischen Seminars der Universit\u00e4t Bonn nutzen,<\/li>\n \t<li>Bonn als Sitz internationaler Firmen und Organisationen durch die Begegnung mit englischsprachigen Kommunikationspartnern erfahren.<\/li>\n<\/ul>\n<p><img decoding=\"async\" src=\"https:\/\/lfs-bonn.de\/wp-content\/uploads\/Sprachen_300x200-1.jpg\" \/><\/p><\/div><\/div><div class=\"x-column x-sm x-1-2 e394-e5 may-2\"><div class=\"x-text x-content e394-e6 may-3\"><p><strong>Cambridge Certificates<\/strong><\/p>\n<p>Wir sind anerkanntes Vorbereitungszentrum f\u00fcr Cambridge-Zertifikatskurse und bieten nach M\u00f6glichkeit Oberstufensch\u00fclerinnen einen Vorbereitungskurs f\u00fcr das <strong>Certificate of Advanced English (CAE) <\/strong>an (neuer Name <strong>C1 Advanced<\/strong>), welches von der <em>University of Cambridge<\/em> verliehen wird und das Niveau C1 zertifiziert. Es wird von zahlreichen Bildungseinrichtungen im In- und Ausland anerkannt. Bei der organisatorischen Vorbereitung und Durchf\u00fchrung der Pr\u00fcfung werden wir vom Englischen Institut in K\u00f6ln, dem regionalen autorisierten Cambridge-Pr\u00fcfungszentrum, unterst\u00fctzt. N\u00e4here Informationen zum Zertifikat finden Sie auf <a href=\"https:\/\/www.cambridgeenglish.org\/exams-and-tests\" target=\"_blank\" rel=\"noopener\">https:\/\/www.cambridgeenglish.org\/exams-and-tests<\/a> oder auf der Homepage des Englischen Instituts K\u00f6ln.<\/p>\n<p>Die Pr\u00fcfungen finden in der Regel einmal im Jahr an der Schule statt.<\/p>\n<p><\/p>\n<p><img loading=\"lazy\" decoding=\"async\" src=\"https:\/\/www.lfs-bonn.de\/wp-content\/uploads\/Prep-centre-logo_CMYK-300x161.jpg\" alt=\"\" width=\"300\" height=\"161\" class=\"alignnone size-medium wp-image-1842\" srcset=\"https:\/\/www.lfs-bonn.de\/wp-content\/uploads\/Prep-centre-logo_CMYK-300x161.jpg 300w, https:\/\/www.lfs-bonn.de\/wp-content\/uploads\/Prep-centre-logo_CMYK-768x412.jpg 768w, https:\/\/www.lfs-bonn.de\/wp-content\/uploads\/Prep-centre-logo_CMYK-1024x550.jpg 1024w, https:\/\/www.lfs-bonn.de\/wp-content\/uploads\/Prep-centre-logo_CMYK-100x54.jpg 100w, https:\/\/www.lfs-bonn.de\/wp-content\/uploads\/Prep-centre-logo_CMYK-1200x644.jpg 1200w, https:\/\/www.lfs-bonn.de\/wp-content\/uploads\/Prep-centre-logo_CMYK.jpg 1787w\" sizes=\"(max-width: 300px) 100vw, 300px\" \/><\/p><\/div><\/div><\/div><div class=\"x-container max width e394-e7 may-1\"><div class=\"x-column x-sm x-1-2 e394-e8 may-2\">&nbsp;<\/div><div class=\"x-column x-sm x-1-2 e394-e9 may-2\"><div class=\"x-text x-content e394-e10 may-3\"><\/div><\/div><\/div><\/div><\/div>\n","protected":false},"excerpt":{"rendered":"<p>Wir&#8230; nutzen neben unserem Lehrbuch authentische Texte und Medien aus der Lebenswelt der Sch\u00fclerinnen, f\u00f6rdern durch kooperative Lernformen und kreative Arbeitsauftr\u00e4ge die selbstst\u00e4ndige Auseinandersetzung mit der Sprache als Kommunikationsmittel, bereiten die Sch\u00fclerinnen intensiv auf die verpflichtenden m\u00fcndlichen Kommunikationspr\u00fcfungen vor und machen sie schon in den j\u00fcngeren Klassen mit dem Pr\u00fcfungsformat vertraut, erfahren uns als Teil einer multikulturellen Gesellschaft in einer &#8230; <\/p>\n<div><a href=\"https:\/\/www.lfs-bonn.de\/?page_id=394\" class=\"more-link\">Read More<\/a><\/div>\n","protected":false},"author":1,"featured_media":0,"parent":11,"menu_order":0,"comment_status":"closed","ping_status":"closed","template":"","meta":{"footnotes":""},"class_list":["post-394","page","type-page","status-publish","hentry","no-post-thumbnail"],"_links":{"self":[{"href":"https:\/\/www.lfs-bonn.de\/index.php?rest_route=\/wp\/v2\/pages\/394"}],"collection":[{"href":"https:\/\/www.lfs-bonn.de\/index.php?rest_route=\/wp\/v2\/pages"}],"about":[{"href":"https:\/\/www.lfs-bonn.de\/index.php?rest_route=\/wp\/v2\/types\/page"}],"author":[{"embeddable":true,"href":"https:\/\/www.lfs-bonn.de\/index.php?rest_route=\/wp\/v2\/users\/1"}],"replies":[{"embeddable":true,"href":"https:\/\/www.lfs-bonn.de\/index.php?rest_route=%2Fwp%2Fv2%2Fcomments&post=394"}],"version-history":[{"count":7,"href":"https:\/\/www.lfs-bonn.de\/index.php?rest_route=\/wp\/v2\/pages\/394\/revisions"}],"predecessor-version":[{"id":6592,"href":"https:\/\/www.lfs-bonn.de\/index.php?rest_route=\/wp\/v2\/pages\/394\/revisions\/6592"}],"up":[{"embeddable":true,"href":"https:\/\/www.lfs-bonn.de\/index.php?rest_route=\/wp\/v2\/pages\/11"}],"wp:attachment":[{"href":"https:\/\/www.lfs-bonn.de\/index.php?rest_route=%2Fwp%2Fv2%2Fmedia&parent=394"}],"curies":[{"name":"wp","href":"https:\/\/api.w.org\/{rel}","templated":true}]}}