{"id":396,"date":"2018-01-05T18:46:59","date_gmt":"2018-01-05T17:46:59","guid":{"rendered":"http:\/\/wp.lfs-bonn.de\/?page_id=396"},"modified":"2026-03-13T15:41:33","modified_gmt":"2026-03-13T14:41:33","slug":"franzoesisch","status":"publish","type":"page","link":"https:\/\/www.lfs-bonn.de\/?page_id=396","title":{"rendered":"Franz\u00f6sisch"},"content":{"rendered":"<div id=\"cs-content\" class=\"cs-content\"><div class=\"x-section e396-e1 mb0-0\"><div class=\"x-container max width e396-e2 mb0-1\"><div class=\"x-column x-sm x-1-2 e396-e3 mb0-2\"><div class=\"x-text x-content e396-e4 mb0-3\"><p><span>Durch einen authentischen und kreativen Ansatz des Sprachenlernens mit motivierendem Material wird unseren Sch\u00fclerinnen der Zugang zur Sprache unserer Nachbarn leicht gemacht. Sie erfahren schon fr\u00fch durch Kontakte mit den Nachbarl\u00e4ndern Belgien und Frankreich, dass sie das im Unterricht Erlernte in der Praxis anwenden k\u00f6nnen:<\/span><\/p>\n\n<ul>\n \t<li>erste au\u00dferunterrichtliche Kontakte mit der Sprache, z. B. beim Besuch des Francemobil an der Liebfrauenschule oder beim franz\u00f6sischen Filmfestival Cin\u00e9f\u00eate<\/li>\n \t<li>erstes Eintauchen in die franz\u00f6sische Sprache bei einer eint\u00e4gigen Exkursion nach L\u00fcttich\/Li\u00e8ge<\/li>\n \t<li>zehnt\u00e4gige <a href=\"http:\/\/wp.lfs-bonn.de\/?page_id=444\">Austauschfahrt nach Ancenis <\/a>(Loire)<\/li>\n \t<li>M\u00f6glichkeit zum Berufs- oder Sozialpraktikum im franz\u00f6sischsprachigen Ausland<\/li>\n \t<li>in der Q2:\u00a0 Studienfahrten, z.B. in die Provence oder an die C\u00f4te d\u2019Azur<span><\/span><\/li>\n<\/ul><\/div><\/div><div class=\"x-column x-sm x-1-2 e396-e5 mb0-2\"><div class=\"x-text x-content e396-e6 mb0-3\"><h3>Ab wann kann man Franz\u00f6sisch lernen?<\/h3>\n<ul>\n \t<li><span>Franz\u00f6sisch als zweite Fremdsprache ab Klasse 7: Der fr\u00fche Einstieg erm\u00f6glicht eine spielerische und kreative Ann\u00e4herung an die Sprache mit viel Zeit zum Erlernen und Festigen der Grundlagen.<\/span><span><\/span><\/li>\n \t<li><span>Franz\u00f6sisch als dritte Fremdsprache im Wahlpflichtbereich ab Klasse 9: Auf dieser Stufe ist ein intensives Sprachenlernen in kleinen, motivierten Gruppen m\u00f6glich.<\/span><span><\/span><\/li>\n \t<li><span>Franz\u00f6sisch in der Sekundarstufe II: Franz\u00f6sisch kann als\u00a0 fortgef\u00fchrte Fremdsprache belegt und als Abiturfach gew\u00e4hlt werden.<\/span><span><\/span><\/li>\n<\/ul>\n<h3>Das DELF-Sprachzertifikat<\/h3>\n<p><span>DELF (Dipl\u00f4me <\/span>d'Etudes en Langue Fran\u00e7aise) ist ein international anerkanntes Zertifikat, das die Sprachkompetenz der Sch\u00fclerinnen dokumentiert. Da die Pr\u00fcfungsformate besonders auf alltagspraktische, lebensnahe Sprachkompetenzen ausgerichtet sind und die m\u00fcndliche Kommunikation f\u00f6rdern, stellen sie eine hervorragende Erg\u00e4nzung des schulischen Unterrichts dar. Daher bieten wir unseren Sch\u00fclerinnen die M\u00f6glichkeit, die DELF-Pr\u00fcfungen auf verschiedenen Niveaus miteinander vorzubereiten und abzulegen. Ab dem ersten Lernjahr kann die erste Pr\u00fcfung (A1) abgelegt werden. Daran schlie\u00dfen sich die weiteren Niveaus (A2; B1 \/ B2; C1) an. Ab dem Erlangen des Niveaus B2 (Abiturniveau) werden die Sch\u00fclerinnen vom Sprachtest f\u00fcr das Hochschulstudium befreit.<\/p>\n<p><img loading=\"lazy\" decoding=\"async\" src=\"https:\/\/www.lfs-bonn.de\/wp-content\/uploads\/DELF_Scolaire_Logo-blanc.jpg\" alt=\"\" width=\"1734\" height=\"395\" class=\"alignnone size-full wp-image-5187\" srcset=\"https:\/\/www.lfs-bonn.de\/wp-content\/uploads\/DELF_Scolaire_Logo-blanc.jpg 1734w, https:\/\/www.lfs-bonn.de\/wp-content\/uploads\/DELF_Scolaire_Logo-blanc-300x68.jpg 300w, https:\/\/www.lfs-bonn.de\/wp-content\/uploads\/DELF_Scolaire_Logo-blanc-1024x233.jpg 1024w, https:\/\/www.lfs-bonn.de\/wp-content\/uploads\/DELF_Scolaire_Logo-blanc-768x175.jpg 768w, https:\/\/www.lfs-bonn.de\/wp-content\/uploads\/DELF_Scolaire_Logo-blanc-1536x350.jpg 1536w, https:\/\/www.lfs-bonn.de\/wp-content\/uploads\/DELF_Scolaire_Logo-blanc-100x23.jpg 100w, https:\/\/www.lfs-bonn.de\/wp-content\/uploads\/DELF_Scolaire_Logo-blanc-1200x273.jpg 1200w\" sizes=\"(max-width: 1734px) 100vw, 1734px\" \/><\/p><\/div><\/div><\/div><\/div><\/div>\n","protected":false},"excerpt":{"rendered":"<p>Durch einen authentischen und kreativen Ansatz des Sprachenlernens mit motivierendem Material wird unseren Sch\u00fclerinnen der Zugang zur Sprache unserer Nachbarn leicht gemacht. Sie erfahren schon fr\u00fch durch Kontakte mit den Nachbarl\u00e4ndern Belgien und Frankreich, dass sie das im Unterricht Erlernte in der Praxis anwenden k\u00f6nnen: erste au\u00dferunterrichtliche Kontakte mit der Sprache, z. B. beim Besuch des Francemobil an der Liebfrauenschule &#8230; <\/p>\n<div><a href=\"https:\/\/www.lfs-bonn.de\/?page_id=396\" class=\"more-link\">Read More<\/a><\/div>\n","protected":false},"author":1,"featured_media":0,"parent":11,"menu_order":0,"comment_status":"closed","ping_status":"closed","template":"","meta":{"footnotes":""},"class_list":["post-396","page","type-page","status-publish","hentry","no-post-thumbnail"],"_links":{"self":[{"href":"https:\/\/www.lfs-bonn.de\/index.php?rest_route=\/wp\/v2\/pages\/396"}],"collection":[{"href":"https:\/\/www.lfs-bonn.de\/index.php?rest_route=\/wp\/v2\/pages"}],"about":[{"href":"https:\/\/www.lfs-bonn.de\/index.php?rest_route=\/wp\/v2\/types\/page"}],"author":[{"embeddable":true,"href":"https:\/\/www.lfs-bonn.de\/index.php?rest_route=\/wp\/v2\/users\/1"}],"replies":[{"embeddable":true,"href":"https:\/\/www.lfs-bonn.de\/index.php?rest_route=%2Fwp%2Fv2%2Fcomments&post=396"}],"version-history":[{"count":4,"href":"https:\/\/www.lfs-bonn.de\/index.php?rest_route=\/wp\/v2\/pages\/396\/revisions"}],"predecessor-version":[{"id":6593,"href":"https:\/\/www.lfs-bonn.de\/index.php?rest_route=\/wp\/v2\/pages\/396\/revisions\/6593"}],"up":[{"embeddable":true,"href":"https:\/\/www.lfs-bonn.de\/index.php?rest_route=\/wp\/v2\/pages\/11"}],"wp:attachment":[{"href":"https:\/\/www.lfs-bonn.de\/index.php?rest_route=%2Fwp%2Fv2%2Fmedia&parent=396"}],"curies":[{"name":"wp","href":"https:\/\/api.w.org\/{rel}","templated":true}]}}