{"id":406,"date":"2018-01-05T18:50:43","date_gmt":"2018-01-05T17:50:43","guid":{"rendered":"http:\/\/wp.lfs-bonn.de\/?page_id=406"},"modified":"2026-03-13T15:50:10","modified_gmt":"2026-03-13T14:50:10","slug":"musik","status":"publish","type":"page","link":"https:\/\/www.lfs-bonn.de\/?page_id=406","title":{"rendered":"Musik"},"content":{"rendered":"<div id=\"cs-content\" class=\"cs-content\"><div class=\"x-section e406-e1 mba-0\"><div class=\"x-container max width e406-e2 mba-1\"><div class=\"x-column x-sm x-1-2 e406-e3 mba-2\"><div class=\"x-text x-content e406-e4 mba-3\"><p><em>\"Selbst musizieren ist besser als Musik h\u00f6ren.\"<\/em><br \/>\n<em>Fritz J\u00f6de<\/em><\/p>\n<p>Das Fach Musik<\/p>\n\n<ul>\n \t<li>legt Wert auf Singen und Musizieren, um neben die meist medial vermittelte Musik eigent\u00e4tige musikalische Erfahrungen zu setzen,<\/li>\n \t<li>bietet die M\u00f6glichkeit zur Teilnahme an zahlreichen Ensembles verschiedener Stilrichtungen<\/li>\n \t<li>nutzt Projekte und <a href=\"https:\/\/lfs-bonn.de\/?page_id=143\">Wettbewerbe<\/a>, in denen die Sch\u00fclerinnen die M\u00f6glichkeit haben, auch au\u00dferhalb des Fachunterrichtes ihre musikalischen und darstellerischen F\u00e4higkeiten einzubringen.Sie erlernen Kooperation und respektvolles Miteinander, verbessern ihr Durchhalteverm\u00f6gen und ihre Disziplin,<\/li>\n \t<li>weckt Freude an und Faszination f\u00fcr Musik und ihre verbindende Kraft und beeinflusst die Pers\u00f6nlichkeitsentwicklung der Sch\u00fclerinnen positiv.<\/li>\n<\/ul><\/div><\/div><div class=\"x-column x-sm x-1-2 e406-e5 mba-2\"><div class=\"x-text x-content e406-e6 mba-3\"><p><img loading=\"lazy\" decoding=\"async\" src=\"https:\/\/lfs-bonn.de\/wp-content\/uploads\/Musik_600x454.jpg\" alt=\"\" width=\"600\" height=\"454\" class=\"aligncenter size-full wp-image-590\" srcset=\"https:\/\/www.lfs-bonn.de\/wp-content\/uploads\/Musik_600x454.jpg 600w, https:\/\/www.lfs-bonn.de\/wp-content\/uploads\/Musik_600x454-300x227.jpg 300w, https:\/\/www.lfs-bonn.de\/wp-content\/uploads\/Musik_600x454-100x76.jpg 100w\" sizes=\"(max-width: 600px) 100vw, 600px\" \/><\/p>\n\n<h3>LFS-Sch\u00fclerinnen nehmen am musikalisch-kulturellen Leben teil und gestalten es.<\/h3>\n<ul>\n \t<li>Qualifizierter Gesangs- und Instrumentalunterricht im Rahmen des Forum Musicale<\/li>\n \t<li>Regelm\u00e4\u00dfige Auftrittsm\u00f6glichkeiten innerhalb und au\u00dferhalb der Schule: Klassenkonzerte, Kammermusikabende, Chor- und Orchesterkonzerte, Musiktheaterauff\u00fchrungen<\/li>\n \t<li>Teilnahme der Oberstufenkurse an den Sch\u00fclerabonnements der Oper Bonn<\/li>\n<\/ul><\/div><\/div><\/div><\/div><\/div>\n","protected":false},"excerpt":{"rendered":"<p>&#8222;Selbst musizieren ist besser als Musik h\u00f6ren.&#8220; Fritz J\u00f6de Das Fach Musik legt Wert auf Singen und Musizieren, um neben die meist medial vermittelte Musik eigent\u00e4tige musikalische Erfahrungen zu setzen, bietet die M\u00f6glichkeit zur Teilnahme an zahlreichen Ensembles verschiedener Stilrichtungen nutzt Projekte und Wettbewerbe, in denen die Sch\u00fclerinnen die M\u00f6glichkeit haben, auch au\u00dferhalb des Fachunterrichtes ihre musikalischen und darstellerischen F\u00e4higkeiten &#8230; <\/p>\n<div><a href=\"https:\/\/www.lfs-bonn.de\/?page_id=406\" class=\"more-link\">Read More<\/a><\/div>\n","protected":false},"author":1,"featured_media":0,"parent":11,"menu_order":0,"comment_status":"closed","ping_status":"closed","template":"","meta":{"footnotes":""},"class_list":["post-406","page","type-page","status-publish","hentry","no-post-thumbnail"],"_links":{"self":[{"href":"https:\/\/www.lfs-bonn.de\/index.php?rest_route=\/wp\/v2\/pages\/406"}],"collection":[{"href":"https:\/\/www.lfs-bonn.de\/index.php?rest_route=\/wp\/v2\/pages"}],"about":[{"href":"https:\/\/www.lfs-bonn.de\/index.php?rest_route=\/wp\/v2\/types\/page"}],"author":[{"embeddable":true,"href":"https:\/\/www.lfs-bonn.de\/index.php?rest_route=\/wp\/v2\/users\/1"}],"replies":[{"embeddable":true,"href":"https:\/\/www.lfs-bonn.de\/index.php?rest_route=%2Fwp%2Fv2%2Fcomments&post=406"}],"version-history":[{"count":4,"href":"https:\/\/www.lfs-bonn.de\/index.php?rest_route=\/wp\/v2\/pages\/406\/revisions"}],"predecessor-version":[{"id":6598,"href":"https:\/\/www.lfs-bonn.de\/index.php?rest_route=\/wp\/v2\/pages\/406\/revisions\/6598"}],"up":[{"embeddable":true,"href":"https:\/\/www.lfs-bonn.de\/index.php?rest_route=\/wp\/v2\/pages\/11"}],"wp:attachment":[{"href":"https:\/\/www.lfs-bonn.de\/index.php?rest_route=%2Fwp%2Fv2%2Fmedia&parent=406"}],"curies":[{"name":"wp","href":"https:\/\/api.w.org\/{rel}","templated":true}]}}