{"id":436,"date":"2018-01-05T19:01:14","date_gmt":"2018-01-05T18:01:14","guid":{"rendered":"http:\/\/wp.lfs-bonn.de\/?page_id=436"},"modified":"2019-06-03T18:25:56","modified_gmt":"2019-06-03T16:25:56","slug":"projektkurs","status":"publish","type":"page","link":"https:\/\/www.lfs-bonn.de\/?page_id=436","title":{"rendered":"Projektkurs"},"content":{"rendered":"<div id=\"cs-content\" class=\"cs-content\"><\/div>\n","protected":false},"excerpt":{"rendered":"<p>Was ist ein Projektkurs?Ein Projektkurs ist eine spezielle Kursart der Sekundarstufe II. Sch\u00fclerinnen erhalten dabei die M\u00f6glichkeit in verst\u00e4rktem Ma\u00df selbstst\u00e4ndig, kooperativ und projektorientiert zu arbeiten. Die Kurse werden dabei an Referenzf\u00e4cher angebunden, also ein Unterrichtsfach, das von allen Sch\u00fclerinnen und Sch\u00fclern gew\u00e4hlt werden kann. Im naturwissenschaftlichen Projektkurs der LFS sind das die F\u00e4cher Biologie und Chemie. Eines dieser F\u00e4cher &#8230; <\/p>\n<div><a href=\"https:\/\/www.lfs-bonn.de\/?page_id=436\" class=\"more-link\">Read More<\/a><\/div>\n","protected":false},"author":1,"featured_media":0,"parent":13,"menu_order":0,"comment_status":"closed","ping_status":"closed","template":"","meta":{"footnotes":""},"class_list":["post-436","page","type-page","status-publish","hentry","no-post-thumbnail"],"_links":{"self":[{"href":"https:\/\/www.lfs-bonn.de\/index.php?rest_route=\/wp\/v2\/pages\/436"}],"collection":[{"href":"https:\/\/www.lfs-bonn.de\/index.php?rest_route=\/wp\/v2\/pages"}],"about":[{"href":"https:\/\/www.lfs-bonn.de\/index.php?rest_route=\/wp\/v2\/types\/page"}],"author":[{"embeddable":true,"href":"https:\/\/www.lfs-bonn.de\/index.php?rest_route=\/wp\/v2\/users\/1"}],"replies":[{"embeddable":true,"href":"https:\/\/www.lfs-bonn.de\/index.php?rest_route=%2Fwp%2Fv2%2Fcomments&post=436"}],"version-history":[{"count":3,"href":"https:\/\/www.lfs-bonn.de\/index.php?rest_route=\/wp\/v2\/pages\/436\/revisions"}],"predecessor-version":[{"id":2316,"href":"https:\/\/www.lfs-bonn.de\/index.php?rest_route=\/wp\/v2\/pages\/436\/revisions\/2316"}],"up":[{"embeddable":true,"href":"https:\/\/www.lfs-bonn.de\/index.php?rest_route=\/wp\/v2\/pages\/13"}],"wp:attachment":[{"href":"https:\/\/www.lfs-bonn.de\/index.php?rest_route=%2Fwp%2Fv2%2Fmedia&parent=436"}],"curies":[{"name":"wp","href":"https:\/\/api.w.org\/{rel}","templated":true}]}}