{"id":89,"date":"2017-11-10T04:47:50","date_gmt":"2017-11-10T03:47:50","guid":{"rendered":"http:\/\/wp.lfs-bonn.de\/?page_id=89"},"modified":"2023-08-29T14:55:06","modified_gmt":"2023-08-29T12:55:06","slug":"kurzprofil","status":"publish","type":"page","link":"https:\/\/www.lfs-bonn.de\/?page_id=89","title":{"rendered":"Kurzprofil"},"content":{"rendered":"<div id=\"cs-content\" class=\"cs-content\"><\/div>\n","protected":false},"excerpt":{"rendered":"<p>Wir bilden Pers\u00f6nlichkeiten. Unsere Schule Erzbisch\u00f6fliche Liebfrauenschule Bonn katholisches M\u00e4dchengymnasium alle staatlichen Bildungsabschl\u00fcsse kein Schulgeld Lage im Herzen Bonns mit optimaler Verkehrsanbindung und gro\u00dfem Einzugsbereich Guter Unterricht pers\u00f6nliche Atmosph\u00e4re an kleiner Schule mit ruhigem Lernumfeld kleine Klassen mit pers\u00f6nlichem Kontakt und individueller F\u00f6rderung breit gef\u00e4cherte Profilbildung:\u00a0 MINT-freundliche Schule sowie fremdsprachlicher Schwerpunkt Vielf\u00e4ltiger Leistungskursbereich, Kooperation mit Kardinal-Frings-Gymnasium und Sankt-Adelheid-Gymnasium F\u00f6rderung von &#8230; <\/p>\n<div><a href=\"https:\/\/www.lfs-bonn.de\/?page_id=89\" class=\"more-link\">Read More<\/a><\/div>\n","protected":false},"author":1,"featured_media":0,"parent":9,"menu_order":0,"comment_status":"closed","ping_status":"closed","template":"","meta":{"footnotes":""},"class_list":["post-89","page","type-page","status-publish","hentry","no-post-thumbnail"],"_links":{"self":[{"href":"https:\/\/www.lfs-bonn.de\/index.php?rest_route=\/wp\/v2\/pages\/89"}],"collection":[{"href":"https:\/\/www.lfs-bonn.de\/index.php?rest_route=\/wp\/v2\/pages"}],"about":[{"href":"https:\/\/www.lfs-bonn.de\/index.php?rest_route=\/wp\/v2\/types\/page"}],"author":[{"embeddable":true,"href":"https:\/\/www.lfs-bonn.de\/index.php?rest_route=\/wp\/v2\/users\/1"}],"replies":[{"embeddable":true,"href":"https:\/\/www.lfs-bonn.de\/index.php?rest_route=%2Fwp%2Fv2%2Fcomments&post=89"}],"version-history":[{"count":9,"href":"https:\/\/www.lfs-bonn.de\/index.php?rest_route=\/wp\/v2\/pages\/89\/revisions"}],"predecessor-version":[{"id":5418,"href":"https:\/\/www.lfs-bonn.de\/index.php?rest_route=\/wp\/v2\/pages\/89\/revisions\/5418"}],"up":[{"embeddable":true,"href":"https:\/\/www.lfs-bonn.de\/index.php?rest_route=\/wp\/v2\/pages\/9"}],"wp:attachment":[{"href":"https:\/\/www.lfs-bonn.de\/index.php?rest_route=%2Fwp%2Fv2%2Fmedia&parent=89"}],"curies":[{"name":"wp","href":"https:\/\/api.w.org\/{rel}","templated":true}]}}